d n.
8
Let w be (-41)/(-13) + (-12)/78. Suppose 52 = z - w*y - 0*y, z - 52 = -y. Let b(i) = -13*i. Let n be b(-2). What is the highest common divisor of n and z?
26
Suppose 2*t + 19 = -4*b - 9, 3*b = -3*t - 27. Let g be ((-1)/(-1) - -9) + 2 + b. Suppose -g*i + 173 = -268. What is the highest common divisor of i and 42?
21
Suppose -37*g = -33*g - 24. Suppose g*z = 17*z - 10153. Let s be 4 - (z - -2)/(-5). What is the highest common divisor of s and 21?
21
Let k be 6*((-188)/(-24) - 5). Let x = 80 - 55. Suppose o - x = 60. Calculate the highest common divisor of o and k.
17
Let u(m) = -18*m**2 - 2*m + 4170. Let z be u(0). Calculate the greatest common factor of 30 and z.
30
Let n = 2385 + -2136. What is the greatest common factor of 9 and n?
3
Suppose 0 = 30*o + 29335 - 148375. Calculate the greatest common divisor of o and 31.
31
Let n be 3/(4/(-540)*-9). What is the greatest common divisor of 2385 and n?
45
Suppose 286 = -443*r + 469*r. Let s(v) = 6*v. Let w be s(1). Let n be (-66)/4*(-8)/w. Calculate the greatest common divisor of r and n.
11
Let m(l) = -18*l**2 - 1005*l + 2274. Let x be m(-58). Let v = -595 + 1231. Calculate the greatest common divisor of v and x.
12
Let y(p) = -3*p**2 + 2*p + 6. Suppose -50*w + 15 = -55*w. Let m be y(w). Let b be (-129)/(-3) - m/(-9). Calculate the highest common factor of 5 and b.
5
Suppose 1 - 36 = -5*x. Let i be 5/3 - (-24764)/123. Calculate the greatest common divisor of i and x.
7
Let b(h) = h**2 - 4*h - 17. Let u be 4/(-14) - 3*290/(-105). Let n be b(u). Suppose -2*i = -41 + n. Calculate the highest common factor of 13 and i.
13
Let k be (88/(-6))/((-1)/18). Suppose 64 = 2*y - 2*u, 29*y = 30*y + 5*u + 16. Calculate the highest common factor of k and y.
24
Let r(i) = -i**3 + 74*i**2 - 790*i - 164. Let c be r(61). Calculate the greatest common divisor of 1007 and c.
19
Suppose -143*j = -140*j - 15. Suppose -26*l + 21*l = -2*p - 534, -524 = -j*l - 3*p. What is the greatest common divisor of l and 583?
53
Let t be (294/(-9) + 4)/((-4)/(-6)). Let k = t + 274. What is the highest common divisor of 66 and k?
33
Let l = 2483 - 2163. What is the highest common factor of 520 and l?
40
Suppose -10*i - x = -8*i, -i = -2*x. Suppose i*q - 36 = -2*q. Calculate the greatest common divisor of 72 and q.
18
Let h be ((-50)/100)/((-2)/(-912)). Let p = 588 + h. Calculate the greatest common factor of p and 144.
72
Suppose -15*v - 8 = -12*v - 50. What is the highest common divisor of v and 4942?
14
Let k(f) = 155*f**2 - 90*f - 91. Let w be k(-1). What is the greatest common factor of w and 1606?
22
Let u(g) = -g**3 - g**2 + 4*g + 10. Let i be u(0). Suppose -10*y = -8*y - i. Let b be 48/(y - 1) - 0. Calculate the highest common factor of b and 4.
4
Let y = 98 + -112. Let d(g) = -g**3 - 15*g**2 - 21*g - 38. Let q be d(y). Let s = -36 + q. What is the highest common factor of 3 and s?
3
Suppose -5*x = -0*x + 5, -4*x = -4*q + 40. Suppose 10 = q*y - 8. Let h be (2/y - 33)*22/(-44). Calculate the highest common factor of 80 and h.
16
Let d be ((-301)/(-35) + -3)/(6/75). Let i(b) = -53*b + 16. Let q be i(-3). Calculate the highest common factor of q and d.
35
Suppose 0 = 3*b - 8*o + 7*o + 318, 2*o = 3*b + 321. Let k = b + 171. What is the greatest common factor of k and 462?
66
Let r be 2/5 - (-10 + (-15036)/35). What is the greatest common factor of r and 28?
4
Let o(a) = 2*a**3 + 9*a**2 - a - 1. Let w be o(-4). Let q = 139 - 31. Suppose 25 = b - q. What is the highest common factor of b and w?
19
Suppose -4*l = -45 - 23. Suppose 5*v + l - 7 = 0. Let j be 2/24*v + (-1985)/(-30). What is the greatest common divisor of 33 and j?
33
Suppose 52441 - 34186 = 53*c - 36123. What is the highest common factor of c and 216?
54
Let u be (-5)/(-3)*-3 + 1. Let r be (-180)/(u/2)*2. What is the highest common divisor of 72 and r?
36
Let r(a) = 11*a - 66. Let y be r(6). Suppose y = 16*o - 20*o + 112. Calculate the highest common divisor of 252 and o.
28
Let p = -6344 + 6760. What is the highest common divisor of 8112 and p?
208
Let m(z) = -12*z**2 - z - 2. Let t be m(-4). Let b be -4 - t/8 - (-3)/12. Calculate the highest common divisor of 5 and b.
5
Suppose 5*o + 18*a - 19*a = 1135, 3*o + 7*a = 719. Let c be (-4)/(-1)*(-57)/(-4). Calculate the greatest common divisor of c and o.
57
Let t(r) = -1 + 40*r - 13*r**2 - 632*r**3 - 11 + 633*r**3. Let v be t(9). Calculate the greatest common factor of v and 21.
3
Suppose 0 = 2*l + 3*l + 80. Let i(h) = -2*h - 5. Let k be i(l). Suppose 5*b - 267 = -k. Calculate the highest common factor of b and 80.
16
Let n(g) = -7*g**3 - 7*g**2 + 27*g + 12. Let a be n(-17). What is the greatest common divisor of a and 137?
137
Suppose 0 = 2*c + 17 - 11 - 16. Calculate the highest common factor of c and 335.
5
Suppose -2*m - 464 = -5*x - 30, 3*m + 4*x = -651. Let l = m + 219. Suppose -2*y - 6 = 0, q - 3*y - 12 = 3. Calculate the highest common divisor of l and q.
2
Suppose -10*w + 11*w - 720 = 0. Suppose -w = -4*y - 2*y. Suppose 0 + y = 3*l. Calculate the highest common divisor of 10 and l.
10
Let z(m) = -2*m**2 - 33*m + 29. Let y be z(-21). Let c = y - -173. Calculate the greatest common factor of 169 and c.
13
Let j(f) = -2*f**3 + 34*f**2 + 29*f - 16. Let z be j(12). Calculate the greatest common divisor of z and 16.
4
Let p be (-105)/(-5)*(0 + 13). Let y be (-42)/p + (-236)/(-13). What is the highest common factor of 198 and y?
18
Suppose -732 = -10*w + 6*w. Suppose 3*y + 66 + w = -x, -y = 4*x + 83. Let l = -44 - y. What is the highest common divisor of 13 and l?
13
Suppose 240*o + 1752*o - 497*o - 263810 = -799*o. Let u be (1 - -1)/((-4)/(-46)). What is the greatest common divisor of u and o?
23
Let w = -125 + 159. What is the highest common divisor of w and 3026?
34
Let m(t) = t + 31. Let p = -33 + 22. Let b be m(p). Let g be (1 - 10/(-4))*b. What is the highest common divisor of 14 and g?
14
Suppose -p - 97 - 145 = 0. Let v = -138 - p. Calculate the greatest common factor of 16 and v.
8
Let o be 1*(-7 - 2)*(-2120)/60. Calculate the greatest common divisor of 39 and o.
3
Let f be 13 + 4856 - 3*(-1 - -4). What is the greatest common divisor of 15 and f?
15
Suppose -t + 286 = -5*s - 0*s, 4*s - 1372 = -5*t. Let g(u) = u**3 - 24*u**2 + 69. Let z be g(24). Calculate the highest common factor of t and z.
69
Suppose -285 = -5*p - 2*z + 405, -5*z + 675 = 5*p. What is the highest common factor of 672 and p?
28
Let x(f) be the first derivative of f**4/4 - 5*f**3/3 + 11*f**2/2 - 12*f + 6. Let y be x(6). What is the highest common divisor of y and 27?
9
Let p = -49 + 57. Suppose -30 = -2*v + p. Calculate the greatest common factor of v and 361.
19
Suppose -101*g = -100*g - 4710 - 1496. Calculate the highest common divisor of g and 642.
214
Let w = -5937 - -8502. What is the highest common divisor of w and 190?
95
Let o = -6678 + 12526. Calculate the highest common divisor of 4 and o.
4
Let z = 271 + -167. Let u be (-215)/(-473)*33 + (-50)/(-1). What is the greatest common factor of u and z?
13
Suppose 40*s + 1411 = 4891. Suppose 129 = 6*g - s. Let d = 157 + -109. Calculate the greatest common divisor of d and g.
12
Suppose 27*n = 19*n - 24. Let w be (-3 + -3 - 25/n)*6. Suppose -5*u = f - 26, f + 3*u - 34 = -10. What is the greatest common factor of w and f?
7
Suppose -4*c + 94 = 5*q - 17, 5*c - 5*q = 105. Let s be 24*((-1)/2 + 2)*1. What is the highest common divisor of c and s?
12
Let f(v) = -42*v - 57. Let m(l) = -672*l - 912. Let a(n) = 33*f(n) - 2*m(n). Let t be a(-5). What is the highest common factor of 72 and t?
9
Let t = 15728 + -15584. What is the greatest common factor of 7632 and t?
144
Let p = 3258 + -3096. Calculate the highest common factor of 810 and p.
162
Let a(m) = -m**2 - 6*m - 1. Let n be a(-5). Let j(o) = 5096*o + 86641. Let h be j(-17). Calculate the highest common divisor of h and n.
1
Suppose 2*t = -10, -52*t = -r - 48*t + 41. Calculate the greatest common divisor of r and 1561.
7
Let n = 548 + -770. Let a = 411 + n. Calculate the greatest common divisor of 27 and a.
27
Suppose 0 = -2*d + 1 + 11. Let l be (176/66)/(2/36). Let z be (d/9)/(2/l). What is the highest common divisor of z and 40?
8
Let r = -723 - -897. Calculate the highest common divisor of r and 6.
6
Suppose -19*c + 1872 = 1053 - 4368